 (1 - 4)) + 2 + -1?
4
What is the value of -9 - -7 - (1 + -3)?
0
What is ((-5 - 4) + 3 - -8) + -7?
-5
Calculate -2 - (-8 + 3 - -7).
-4
What is the value of 50 + -48 + (0 - 3) + 5?
4
Evaluate 5 - (-8 - -12 - -7).
-6
What is 7 - (-3 + 6) - 9?
-5
Calculate -4 + -1 + 9 - (1 - 2).
5
Calculate 6 + -4 - (0 + 1).
1
What is the value of 21 + -19 + (-10 + -1 - -2)?
-7
What is the value of 1 + -3 + (-6 - -1)?
-7
Evaluate 0 - (-3 - (10 - 7)).
6
What is -2 - 1 - (7 + -6)?
-4
Evaluate -16 + 0 + 8 - -6.
-2
What is the value of -5 - (-11 + 0 - -3)?
3
-1 - (-3 - (2 + -1))
3
3 - (4 + 6) - -3
-4
What is -1 + (-1 - (3 - 9 - -2))?
2
14 + -18 + 11 - 15
-8
What is (-2 - -5) + 4 + 1 + -5?
3
What is -4 - ((-5 - -3) + -2)?
0
Evaluate 9 - (1 + (-5 - -5) - -3).
5
What is the value of -1 + 6 + -3 + (-3 - -1)?
0
Evaluate 11 + (1 - 5) - 4.
3
What is -7 + 1 + -3 + (-13 - -22)?
0
Calculate -6 + (1 - (5 + 0 + -4)).
-6
What is the value of -7 - (-7 - 9 - (5 + -6))?
8
What is -18 + -2 + (-36 - -48)?
-8
What is the value of 0 - (8 + 6 + -13)?
-1
Calculate 17 + -4 + 1 + -8.
6
What is (-7 - -9) + (-2 - 3) + 4?
1
9 - 9 - ((6 - 6) + 1)
-1
What is the value of -1 - ((0 - -1) + 4) - -4?
-2
What is -3 + (11 - 10) + -3?
-5
What is the value of -6 + 0 + 5 + -1?
-2
0 + -1 + -8 + 2 + 4
-3
Calculate -20 - (-5 + (1 - 7)).
-9
Calculate 15 + -14 - (-2 - -2).
1
Evaluate -8 + (-1 - (4 - 8)).
-5
Evaluate 0 + -7 + 7 + 3 + -8.
-5
What is -8 + 3 + (6 - (14 - 5))?
-8
Evaluate 2 - ((2 - 1) + -3 + 2).
2
Calculate -13 + (-13 - (-6 + -20)).
0
Evaluate 1 - (4 + (1 - 3)).
-1
Calculate 0 - (2 + -2) - 0 - 4.
-4
Evaluate -6 + (2 - 3) + (4 - -3).
0
2 - (-9 + (-11 - -15))
7
-31 - -40 - (0 + 4)
5
Evaluate 0 - -2 - (-2 - -1).
3
Evaluate -43 + 40 - (-1 - 0) - -3.
1
Calculate 2 - (1 - (0 + 8 + -4)).
5
1 - (-9 + (3 - -4))
3
1 + 2 - (5 - 0) - -2
0
Evaluate -3 + -1 - (4 + -10 - -5).
-3
What is the value of 4 + (0 - -10 - 5)?
9
0 + 2 - (-32 - -37)
-3
(0 - (-1 - -2)) + -3
-4
What is the value of 1 + (3 + -9 + 1 - -3)?
-1
Evaluate -5 + 20 + 0 + -13.
2
Evaluate (11 - 17) + 11 + -4 + 3.
4
Evaluate 2 + -6 + (16 - 8) + -3.
1
What is 5 + -1 - (34 - 23)?
-7
What is -2 - (-12 - (-7 - -2) - 0)?
5
What is the value of 3 - ((1 - 5 - -3) + -1)?
5
Evaluate -1 + 3 + (-1 - (8 - 4)).
-3
Evaluate (-2 - (0 - (2 + 2))) + -4.
-2
What is the value of 2 + 8 + -4 + -6 + -1?
-1
Evaluate 0 - (-1 - (1 + 0 + -6)).
-4
What is -4 - (-1 + 0 + (3 - 4))?
-2
What is the value of -22 + 20 + 4 + 0?
2
(3 - 2) + (1 - 5 - -11)
8
What is the value of (-1 - (-2 + 7 + -13)) + -1?
6
What is the value of -1 + 2 - 0 - (-2 + 4)?
-1
What is 6 + -1 + (-3 - -1)?
3
Calculate (-7 - -13) + -6 + 0 + -6.
-6
Calculate 0 + 2 + 0 + -216 + 216.
2
What is (5 - -1) + -2 + -28 + 33?
9
What is -2 + -3 + 4 + 5 - -1?
5
What is the value of -3 + 0 + 2 + 5?
4
What is -3 + 11 - (-2 + 4 - -2)?
4
What is -1 + 2 - (2 - 2)?
1
What is the value of -2 + (-7 - 0 - (-49 + 51))?
-11
Evaluate 1 - 6 - (-1 + 2 - 4).
-2
-17 - -10 - (-8 + -4)
5
Calculate -5 + 1 + 11 - (1 - 0).
6
What is the value of 1 - (-3 + 7 + 0)?
-3
Calculate 11 + (2 - 8) - (1 - 3).
7
What is (-1 - -5) + -2 + (3 - 10)?
-5
What is the value of (-5 - -3) + 4 + 0?
2
Calculate (-6 - -1) + 12 + 1 + -9.
-1
What is 4 - (0 + 2) - (-61 + 67)?
-4
What is (-3 - 6) + 2 + 13?
6
Calculate (-15 - -1) + (20 - 13).
-7
What is the value of -53 + 58 - (1 + 0)?
4
Calculate 2 + (1 - -3) + -1 + -4.
1
What is 4 + -2 + -3 + 5?
4
What is the value of 3 + 9 - 4 - 10?
-2
Evaluate 6 + (-1 - (0 - 1) - 3).
3
Evaluate 3 + 4 + (-2 - -1 - 4).
2
3 + (-4 - 9) - -5
-5
What is 12 + -2 + -5 - 0?
5
Evaluate 0 + (1 - (2 - -2)).
-3
Evaluate -4 + (6 - 3) + 1 + -3.
-3
Calculate -43 - -39 - ((2 - 1) + -9).
4
7 + (5 - 4) - 12 - 3
-7
Evaluate 1 - -5 - (-15 - -16).
5
What is the value of 7 - 2 - (8 + -2)?
-1
What is the value of -2 + (3 - 3) + 0?
-2
Evaluate -1 + 10 + (-8 - -4).
5
Evaluate 3 + (5 - 8) + 4.
4
What is the value of -10 + 5 + (6 - -1) + 4?
6
0 + (3 - (6 + -5 + 3))
-1
Evaluate 0 + 0 + (1 - -1).
2
Evaluate -9 + 5 + 6 + -2 + 5.
5
Evaluate (13 - (8 + -2)) + 1 - 3.
5
Calculate -4 + 3 + (-2 - -2) + -3.
-4
-16 - -5 - -5 - (-10 - -11)
-7
Calculate -2 - (1 - 7 - (69 - 67)).
6
Calculate -25 - -24 - (0 - -2).
-3
Evaluate -5 + (0 + 4 - (6 - 4)).
-3
5 + -7 + -10 + 6
-6
Calculate -1 - (3 - 5 - 3).
4
Calculate 0 + -2 + 10 + -7.
1
Evaluate -5 + 0 + (2 - -5).
2
What is the value of -92 + 91 - (4 + (-1 - -1))?
-5
Calculate 2 + 4 + (2 - (10 + -4)).
2
4 - (-5 + 8 - 1) - 2
0
What is (-6 - -6) + 1 + 2?
3
-5 + (2 + -2 - -2) + 2
-1
Calculate -1 + 3 + -3 + -2 + 0.
-3
What is the value of (-1 + -2 - -6) + (-6 - 0)?
-3
Evaluate 2 - (1 - -1) - (52 - 56).
4
What is the value of -2 - (4 + -13) - 2?
5
Evaluate -42 + 36 - (-7 + 0).
1
Calculate 1 - 2 - (-20 + 19).
0
What is -6 + 9 + (-7 - -2)?
-2
What is 0 + 2 + (0 - (10 - 6))?
-2
3 + -6 + 5 + -6
-4
Evaluate -2 + (1 - -6) + -4.
1
6 + (-4 - 1) + (7 - 3)
5
Calculate -11 + 5 + (-2 - -1) + 1.
-6
What is (-3 - (-16 - -6)) + -2?
5
Calculate (8 - 4) + -5 - 0.
-1
(-2 - -9) + -5 - (0 + 7)
-5
Evaluate (3 + -2 - 2) + 2 + -3.
-2
What is (2 - -6) + -3 + -12?
-7
What is 3 - (4 - -4) - 2?
-7
(-1 - (0 - 5)) + -7
-3
What is 1 - -2 - (-22 + 30)?
-5
What is the value of -4 - -8 - (-1 + 0) - -1?
6
What is 4 + (-3 - 9) + 8 + -4?
-4
Evaluate -1 + (10 - 13) + 5 + -1.
0
What is 4 - (5 - -1 - 6)?
4
8 - 4 - (-3 + 9)
-2
1 + (15 + -7 - 7)
2
What is the value of 7 - (0 - -11) - -6?
2
Calculate -8 + -2 + -3 + 8.
-5
2 - 5 - (0 + -1)
-2
What is (-3 + -1 - -2) + (5 - -1)?
4
Evaluate -2 - (-3 + 6) - -4.
-1
Calculate 5 + (5 - 5) + -4.
1
What is -7 + -2 - (-25 - -23)?
-7
What is the value of 2 - (-2 - 0) - (21 + -9)?
-8
Calculate -4 + 11 + -7 - 1.
-1
2 - (-5 + 2) - 15 - -5
-5
Evaluate 6 + 1 - 5 - -4.
6
5 - 6 - (5 - 7)
1
What is the value of -5 + 2 - (-1 - 1 - -1)?
-2
Calculate 0 - -1 - (-1 - 2).
4
(2 - 2) + (-13 - -13)
0
Calculate 1 + 3 - (29 + -22).
-3
Evaluate (36 - 35) + 5 + 0 + 2.
8
What is (-1 - 0) + 6 - 5 - -7?
7
Calculate -3 - -4 - (-6 + 4 - 2).
5
What is the value of -3 - (-3 + 1 + 0 + 2)?
-3
Evaluate -4 + (1 - -2 - (3 - 0)).
-4
What is the value of (1 - -3) + (-1 + -5 - 2)?
-4
-7 + -2 + -9 + 18
0
What is the value of 5 + (-8 + 5 - 5)?
-3
Calculate (4 - 0) + (-19 - -23) - 4.
4
14 + -8 + 1 + -8
-1
What is the value of 1 + -9 + (33 - 24)?
1
Evaluate (-3 - (-9 + 3) - 8) + 7.
2
3 + 3 + (2 - (6 - 3))
5
Evaluate -3 + 3 - (7 + -6).
-1
What is 4 - ((-3 - -13) + -13)?
7
-1 - ((6 - 5) + 1)
-3
-12 - (-10 + (-1 - 7))
6
What is the value of 9 + (-28 + 10 - -7)?
-2
Calculate 2 + -1 + (2 - 3) - 4.
-4
What is the value of -2 + 2 - 1 - (6 - 8)?
1
Calculate (-10 + -1 - -6) + 1 - -6.
2
What is (1 - 0) + (-1 - -7) + -5?
2
What is the value of 15 + (-8 - 8) + 9?
8
What is -2 + -6 + (-5 - -1) + 8?
-4
Calculate (-1 - 4) + 3 - 3.
-5
What is 5 + (3 - (-1 - -4 - 0))?
5
What is -2 - -5 - (-4 - -8) - -6?
5
Evaluate -9 - (9 + -24 + 3).
3
What is -2 - (2 + -2) - (-20 - -21)?
-3
What is 1 + 1 + (4 - 4 - 5)?
-3
What is (-3 + 5 - 5) + -3 + 2?
-4
(20 - 16) + (1 + 2 - 1)
6
-36 - -39 - (0 + 1 - -3)
-1
Evaluate (-7 - -7) + (3 - 10) + 2.
-5
What is (-4 - -6) + 14 + -11?
5
Evaluate (3 - (-2 - 2)) + (-1 - 1).
5
Evaluate -2 + -2 - (-1 + -7 + 6).
-2
What is the value of 7 + -15 + -3 + 18?
7
Evaluate 3 + (-10 + 5 - -8) + -2.
4
Calculate (1 - 1) + (2 - -1) + 1.
4
Evaluate 2 + (2 + -2 + 2 - -3).
7
Evaluate 11 - (7 + -8 + 6) - 6.
0
What is (2 - (6 - 5)) + 1?
2
Evaluate (-2 - 0) + (-13 - -14).
-1
What is -8 + -9 + 10 + 14?
7
What is 1 + (-7 - -5) - (-2 - 0)?
1
(-2 - -7) + (3 - 9)
-1
What is (-1 - 4) + 12 + -6?
1
What is the value of -1 + (-4 + 8 - -1)?
4
(-1 - (3 - -3)) + 6
-1
Calculate (-3 - -1 - 1) + 2.
-1
What is -8 - (-14 - -9 - -4)?
-7
What is (12 - 4) + (-1 - (-3 + 2))?
8
What is the value of -6 - (2 - (-2 + 8))?
-2
What is -8 - (-23 + 10 - 0)?
5
Calculate 7 - 2 - (11 + -5 - 5).
4
Calculate -51 + 56 - (1 + (-1 - -1)).
4
Evaluate (1 - 1) + 15 - 4.
11
Calculate -3 - (2 + 0 + (-11 - -9)).
-3
-5 + -5 + 10 - 1
-1
-6 - -5 - (-3 + 0)
2
What is the value of -1 + 1 - (13 + -16)?
3
Evaluate 1 - (7 + -9 + 7).
-4
What is 5 + (1 - 9) + 8?
5
What is the value of -7 + (-3 - -9) - (-1 + 0)?
0
What is the value of 5 - (6 + 0 + 1)?
-2
What is -5 + 0 + 3 + 26 + -31?
-7
Calculate 1 + 0 - (-5 + 8).
-2
What is (6 - -3) + (1 - (0